{"id":47,"date":"2020-06-03T12:04:54","date_gmt":"2020-06-03T12:04:54","guid":{"rendered":"http:\/\/allerart.eu\/?page_id=47"},"modified":"2020-06-03T13:32:23","modified_gmt":"2020-06-03T13:32:23","slug":"agbs","status":"publish","type":"page","link":"http:\/\/allerart.eu\/?page_id=47","title":{"rendered":"AGB"},"content":{"rendered":"\n<h2>Allgemeine Gesch\u00e4ftsbedingungen (AGB)<\/h2>\n\n\n\n<p><strong>\u00a7 1&nbsp;&nbsp;&nbsp;&nbsp;&nbsp;&nbsp;&nbsp;&nbsp;&nbsp; Geltungsbereich&nbsp;&nbsp;&nbsp;&nbsp;&nbsp;&nbsp;&nbsp;&nbsp;&nbsp;&nbsp;&nbsp;&nbsp;&nbsp;&nbsp;&nbsp;&nbsp;&nbsp;&nbsp; <\/strong><\/p>\n\n\n\n<p>F\u00fcr die Gesch\u00e4ftsbeziehung zwischen &#8222;Allerart&#8220;, Karin Fuhrmann, und dem Besteller gelten die nachfolgenden Allgemeinen Gesch\u00e4ftsbedingungen in der zum Zeitpunkt der Bestellung g\u00fcltigen Fassung. Abweichende Bedingungen des Bestellers erkennt der Verk\u00e4ufer nicht an, es sei denn, er hat ausdr\u00fccklich ihrer Geltung zugestimmt.<\/p>\n\n\n\n<p><strong>\u00a7 2&nbsp;&nbsp;&nbsp;&nbsp;&nbsp;&nbsp;&nbsp;&nbsp;&nbsp; Vertragsschluss&nbsp;&nbsp;&nbsp;&nbsp;&nbsp;&nbsp;&nbsp;&nbsp;&nbsp;&nbsp;&nbsp;&nbsp;&nbsp;&nbsp;&nbsp;&nbsp;&nbsp;&nbsp; <\/strong><\/p>\n\n\n\n<p>Ihre Bestellung wird ausgel\u00f6st, wenn Sie die Ware in den Warenkorb gelegt und auf \u201ekostenpflichtig bestellen\u201c klicken. Mit der Bestellung erkl\u00e4ren Sie verbindlich, die Ware erwerben zu wollen. Sie werden \u00fcber den Eingang Ihrer Bestellung umgehend per E-Mail informiert. Der Kaufvertrag kommt dadurch zustande, dass wir die bestellte Ware an Sie versenden bzw. f\u00fcr Sie zur Abholung bereitstellen und mit einer zweiten E-Mail den Versand an Sie best\u00e4tigen (Versandbest\u00e4tigung) bzw. Sie \u00fcber die Bereitstellung der Ware zur Abholung in Kenntnis setzen mit einer Auftragsbest\u00e4tigung.<\/p>\n\n\n\n<p><strong>\u00a7 3&nbsp;&nbsp;&nbsp;&nbsp;&nbsp;&nbsp;&nbsp;&nbsp;&nbsp; Widerrufsrecht &nbsp;&nbsp;&nbsp;&nbsp;&nbsp;&nbsp;&nbsp;&nbsp;&nbsp;&nbsp;&nbsp;&nbsp;&nbsp;&nbsp;&nbsp;&nbsp;&nbsp;&nbsp;&nbsp; <\/strong><\/p>\n\n\n\n<p>Verbrauchern steht ein gesetzliches Widerrufsrecht zu. (\u00a713 BGB).<\/p>\n\n\n\n<p>Sie k\u00f6nnen Ihre Vertragserkl\u00e4rung innerhalb von 14 Tagen ohne Angabe von Gr\u00fcnden in Textform (als Brief, Fax, E-Mail) oder auch durch R\u00fccksendung der Sache widerrufen. Die Frist beginnt nach Erhalt dieser Belehrung in Textform, jedoch nicht vor Eingang der Ware beim Empf\u00e4nger und auch nicht vor Erf\u00fcllung unserer Informationspflichten. Zur Wahrung der Widerrufsfrist gen\u00fcgt die rechtzeitige Absendung des Widerrufs oder der Sache. Der Widerruf oder R\u00fcckversandt ist zu richten an:<\/p>\n\n\n\n<p>&#8222;Allerart&#8220;, Karin Fuhrmann, Kreisstr. 56, 66127 Saarbr\u00fccken oder info@&#8220;Allerart&#8220;.de<\/p>\n\n\n\n<p><strong>Vorlage f\u00fcr einen Widerruf<\/strong><\/p>\n\n\n\n<p>Hiermit widerrufe(n) ich\/wir , ____________________ den von mir\/uns abgeschlossenen Vertrag \u00fcber Kauf des Buches (der B\u00fccher)<br><br>Bestellt am_____________ erhalten am _______________ Anzahl______<br><br>Name des\/der Verbraucher(s):\u2013 Anschrift des\/der Verbraucher(s):<br><br>______________________________________________________________________________<\/p>\n\n\n\n<p>Unterschrift Verbraucher (nur bei Mitteilung auf Papier):__________________________________ Datum:____________<\/p>\n\n\n\n<p><strong>Widerrufsfolgen<\/strong><\/p>\n\n\n\n<p>Im Falle eines wirksamen Widerrufs sind die beiderseits empfangenen Leistungen zur\u00fcckzugew\u00e4hren und herauszugeben. K\u00f6nnen Sie uns die empfangenen B\u00fccher nicht oder teilweise nicht oder nur in verschlechtertem Zustand herausgeben, der Kunde muss uns insoweit Wertersatz leisten. Kunde hat haben die Kosten der R\u00fccksendung zu tragen, wenn die gelieferte Ware der bestellten entspricht.<\/p>\n\n\n\n<p>Ein Widerrufsrecht besteht nicht bei Waren, die nach Kundenspezifikation angefertigt worden oder eindeutig auf die pers\u00f6nlichen Bed\u00fcrfnisse zugeschnitten sind oder die aufgrund ihrer Beschaffenheit nicht f\u00fcr eine R\u00fccksendung geeignet sind.<br><br><strong>\u00a7 4&nbsp;&nbsp;&nbsp;&nbsp;&nbsp;&nbsp;&nbsp;&nbsp;&nbsp; Vorbehalt der Nichtverf\u00fcgbarkeit&nbsp;&nbsp;&nbsp;&nbsp;&nbsp;&nbsp;&nbsp; <\/strong><\/p>\n\n\n\n<p>Wir behalten uns vor, von einer Ausf\u00fchrung Ihrer Bestellung abzusehen, wenn wir den bestellten Titel nicht vorr\u00e4tig haben, die bestellte Ware infolgedessen nicht verf\u00fcgbar ist. In diesem Fall werden wir Sie unverz\u00fcglich \u00fcber die Nichtverf\u00fcgbarkeit informieren und einen gegebenenfalls von Ihnen bereits gezahlten Kaufpreis r\u00fcckerstatten.<br><br><strong>\u00a7 5&nbsp;&nbsp;&nbsp;&nbsp;&nbsp;&nbsp;&nbsp;&nbsp;&nbsp; Preise und Versandkosten&nbsp;&nbsp;&nbsp;&nbsp;&nbsp;&nbsp;&nbsp;&nbsp;&nbsp;&nbsp;&nbsp;&nbsp;&nbsp;&nbsp;&nbsp;&nbsp;&nbsp; <\/strong><\/p>\n\n\n\n<p>Unsere Preise sind Endpreise in Euro. Sie enthalten die gesetzliche Mehrwertsteuer.<\/p>\n\n\n\n<p>Die Versandkosten bei der Lieferung von B\u00fcchern betragen 4,95 Euro innerhalb Deutschlands, die Versandkosten f\u00fcr andere L\u00e4nder sind auf Anfrage.<br><br><strong>\u00a7 6&nbsp;&nbsp;&nbsp;&nbsp;&nbsp;&nbsp;&nbsp;&nbsp;&nbsp; R\u00fccksendekosten&nbsp;&nbsp;&nbsp;&nbsp;&nbsp;&nbsp;&nbsp;&nbsp;&nbsp;&nbsp;&nbsp;&nbsp;&nbsp;&nbsp;&nbsp;&nbsp; <\/strong><\/p>\n\n\n\n<p>Im Falle eines Widerrufs (s. o. \u00a7 3) hat der Kunde die Kosten der R\u00fccksendung zu tragen, wenn die gelieferte Ware der bestellten entspricht.<\/p>\n\n\n\n<p><strong>\u00a7 7 &nbsp;&nbsp;&nbsp;&nbsp;&nbsp;&nbsp;&nbsp;&nbsp; Zahlungs- und Lieferbedingungen&nbsp;&nbsp;&nbsp;&nbsp;&nbsp;&nbsp;&nbsp;&nbsp;&nbsp;&nbsp;&nbsp;&nbsp;&nbsp;&nbsp;&nbsp;&nbsp;&nbsp;&nbsp;&nbsp;&nbsp; <\/strong><\/p>\n\n\n\n<p>Sofern nicht anders vereinbart, erfolgt die Lieferung ab Lager an die vom Besteller angegebene Lieferadresse. Sofern nicht anders verabredet, wird der Kaufpreis mit Zustandekommen des Vertrages f\u00e4llig. Der Besteller kann den Kaufpreis per \u00dcberweisung oder bei Beauftragung zur Abholung bei unserer Versandadresse bezahlen. Der Buchversand erfolgt nach Geldeingang. Die Lieferzeit betr\u00e4gt in der Regel 2 bis&nbsp; 10 Tage nach Ihrer Bestellung.<\/p>\n\n\n\n<p><strong>\u00a7 8&nbsp;&nbsp;&nbsp;&nbsp;&nbsp;&nbsp;&nbsp;&nbsp; Eigentumsvorbehalt &nbsp;&nbsp;&nbsp;&nbsp;&nbsp;&nbsp;&nbsp;&nbsp;&nbsp;&nbsp;&nbsp;&nbsp;&nbsp;&nbsp;&nbsp;&nbsp;&nbsp;&nbsp;&nbsp; <\/strong><\/p>\n\n\n\n<p>Bis zur vollst\u00e4ndigen Erf\u00fcllung der Kaufpreisforderung durch den Besteller verbleibt die gelieferte Ware im Eigentum des Verk\u00e4ufers.<\/p>\n\n\n\n<p><strong>\u00a7 9&nbsp;&nbsp;&nbsp;&nbsp;&nbsp;&nbsp;&nbsp;&nbsp; Gew\u00e4hrleistung&nbsp;&nbsp;&nbsp;&nbsp;&nbsp;&nbsp;&nbsp;&nbsp;&nbsp;&nbsp;&nbsp;&nbsp;&nbsp;&nbsp; <\/strong><\/p>\n\n\n\n<p>Liegt ein Mangel der Kaufsache vor, gelten die gesetzl. Gew\u00e4hrleistungsvorschriften der \u00a7\u00a7 434 ff. BGB.<\/p>\n\n\n\n<p><strong>\u00a7 10 &nbsp;&nbsp;&nbsp;&nbsp;&nbsp; Datenschutz &nbsp;&nbsp;&nbsp;&nbsp; <\/strong><\/p>\n\n\n\n<p>Wir nutzen Ihre personenbezogenen Daten ausschlie\u00dflich f\u00fcr Zwecke rund um Ihre Bestellung, so z.B. f\u00fcr die Information zu Ihrem Bestellstatus und\/oder Lieferstatus und f\u00fcr interne Kundenanalysen. Pers\u00f6nliche Daten werden selbstverst\u00e4ndlich vertraulich behandelt und nicht an Dritte weitergegeben. Der Besteller stimmt der Erhebung, Verarbeitung und Nutzung der im Zusammenhang mit der Gesch\u00e4ftsbeziehung erhaltenen Daten ausdr\u00fccklich zu. Der Besteller hat ein Recht auf Auskunft sowie ein Recht auf Berichtigung, Sperrung und L\u00f6schung seiner gespeicherten Daten.<\/p>\n\n\n\n<p><strong>\u00a7 11&nbsp; &nbsp;&nbsp;&nbsp;&nbsp; Anwendbares Recht und Gerichtsstand&nbsp;&nbsp;&nbsp;&nbsp;&nbsp;&nbsp;&nbsp;&nbsp;&nbsp;&nbsp;&nbsp;&nbsp;&nbsp;&nbsp;<\/strong><\/p>\n\n\n\n<p>Es gilt das Recht der Bundesrepublik Deutschland. F\u00fcr Kunde, Kaufmann oder juristische Person des \u00f6ffentlichen Rechts ist ausschlie\u00dflicher Gerichtsstand f\u00fcr alle Streitigkeiten aus dem Vertragsverh\u00e4ltnis das zust\u00e4ndige Gericht der Buchversandadresse, Saarbr\u00fccken.<\/p>\n\n\n\n<p>Stand: 01.06.2020<\/p>\n","protected":false},"excerpt":{"rendered":"<p>Allgemeine Gesch\u00e4ftsbedingungen (AGB) \u00a7 1&nbsp;&nbsp;&nbsp;&nbsp;&nbsp;&nbsp;&nbsp;&nbsp;&nbsp; Geltungsbereich&nbsp;&nbsp;&nbsp;&nbsp;&nbsp;&nbsp;&nbsp;&nbsp;&nbsp;&nbsp;&nbsp;&nbsp;&nbsp;&nbsp;&nbsp;&nbsp;&nbsp;&nbsp; F\u00fcr die Gesch\u00e4ftsbeziehung zwischen &#8222;Allerart&#8220;, Karin Fuhrmann, und dem Besteller gelten die nachfolgenden Allgemeinen Gesch\u00e4ftsbedingungen in der zum Zeitpunkt der Bestellung g\u00fcltigen Fassung. Abweichende Bedingungen des Bestellers erkennt der Verk\u00e4ufer nicht an, es sei denn, er hat ausdr\u00fccklich ihrer Geltung zugestimmt. \u00a7 2&nbsp;&nbsp;&nbsp;&nbsp;&nbsp;&nbsp;&nbsp;&nbsp;&nbsp; Vertragsschluss&nbsp;&nbsp;&nbsp;&nbsp;&nbsp;&nbsp;&nbsp;&nbsp;&nbsp;&nbsp;&nbsp;&nbsp;&nbsp;&nbsp;&nbsp;&nbsp;&nbsp;&nbsp; [&hellip;]<\/p>\n","protected":false},"author":1,"featured_media":0,"parent":0,"menu_order":0,"comment_status":"closed","ping_status":"closed","template":"","meta":[],"_links":{"self":[{"href":"http:\/\/allerart.eu\/index.php?rest_route=\/wp\/v2\/pages\/47"}],"collection":[{"href":"http:\/\/allerart.eu\/index.php?rest_route=\/wp\/v2\/pages"}],"about":[{"href":"http:\/\/allerart.eu\/index.php?rest_route=\/wp\/v2\/types\/page"}],"author":[{"embeddable":true,"href":"http:\/\/allerart.eu\/index.php?rest_route=\/wp\/v2\/users\/1"}],"replies":[{"embeddable":true,"href":"http:\/\/allerart.eu\/index.php?rest_route=%2Fwp%2Fv2%2Fcomments&post=47"}],"version-history":[{"count":3,"href":"http:\/\/allerart.eu\/index.php?rest_route=\/wp\/v2\/pages\/47\/revisions"}],"predecessor-version":[{"id":92,"href":"http:\/\/allerart.eu\/index.php?rest_route=\/wp\/v2\/pages\/47\/revisions\/92"}],"wp:attachment":[{"href":"http:\/\/allerart.eu\/index.php?rest_route=%2Fwp%2Fv2%2Fmedia&parent=47"}],"curies":[{"name":"wp","href":"https:\/\/api.w.org\/{rel}","templated":true}]}}