{"id":24,"date":"2020-06-03T12:44:30","date_gmt":"2020-06-03T12:44:30","guid":{"rendered":"http:\/\/allerart.eu\/?page_id=24"},"modified":"2020-06-03T13:10:03","modified_gmt":"2020-06-03T13:10:03","slug":"ueber-mich","status":"publish","type":"page","link":"http:\/\/allerart.eu\/?page_id=24","title":{"rendered":"\u00dcber mich"},"content":{"rendered":"\n<figure class=\"wp-block-image size-medium\"><img decoding=\"async\" loading=\"lazy\" width=\"300\" height=\"225\" src=\"http:\/\/allerart.eu\/wp-content\/uploads\/2020\/05\/Karin-Portrait-2-300x225.jpg\" alt=\"\" class=\"wp-image-33\" srcset=\"http:\/\/allerart.eu\/wp-content\/uploads\/2020\/05\/Karin-Portrait-2-300x225.jpg 300w, http:\/\/allerart.eu\/wp-content\/uploads\/2020\/05\/Karin-Portrait-2-768x576.jpg 768w, http:\/\/allerart.eu\/wp-content\/uploads\/2020\/05\/Karin-Portrait-2-1024x768.jpg 1024w, http:\/\/allerart.eu\/wp-content\/uploads\/2020\/05\/Karin-Portrait-2-1200x900.jpg 1200w, http:\/\/allerart.eu\/wp-content\/uploads\/2020\/05\/Karin-Portrait-2.jpg 1666w\" sizes=\"(max-width: 300px) 100vw, 300px\" \/><\/figure>\n\n\n\n<p>Ich wurde vor einem halben Jahrhundert im Herzen Europas, im Saarland, geboren. Aktuell lebe und arbeite ich mit meinem Mann in einem christlichen Werk auf Korsika.<\/p>\n\n\n\n<p>Nach vielen verschiedenen Lebenserfahrungen an verschiedenen Orten, nach \u00fcber 20 Jahren Arbeit mit Kindern im christlichen und schulischen Rahmen und mit 2 eigenen Kindern und 2 \u201eBeutekindern\u201c habe ich mir im Laufe der Zeit viele Geschichten und M\u00e4rchen ausgedacht. Ich hoffe, die Kinder haben meine Geschichten so genossen, wie ich.<\/p>\n\n\n\n<p>Die sch\u00f6nsten Geschichten habe ich mit viel Freude in meinem Buch &#8222;Der Troll vom Schleimfjord&#8220; zusammengefasst. Meine Kinder sind nun schon erwachsen, aber das Geschichtenerz\u00e4hlen ist immer noch eine kleine Leidenschaft von mir. In diesem Sinne w\u00fcrde ich mich sehr freuen, Ihnen Ihre pers\u00f6nliche Wunschgeschichte zu schreiben.<\/p>\n","protected":false},"excerpt":{"rendered":"<p>Ich wurde vor einem halben Jahrhundert im Herzen Europas, im Saarland, geboren. Aktuell lebe und arbeite ich mit meinem Mann in einem christlichen Werk auf Korsika. Nach vielen verschiedenen Lebenserfahrungen an verschiedenen Orten, nach \u00fcber 20 Jahren Arbeit mit Kindern im christlichen und schulischen Rahmen und mit 2 eigenen Kindern [&hellip;]<\/p>\n","protected":false},"author":1,"featured_media":0,"parent":0,"menu_order":0,"comment_status":"closed","ping_status":"closed","template":"","meta":[],"_links":{"self":[{"href":"http:\/\/allerart.eu\/index.php?rest_route=\/wp\/v2\/pages\/24"}],"collection":[{"href":"http:\/\/allerart.eu\/index.php?rest_route=\/wp\/v2\/pages"}],"about":[{"href":"http:\/\/allerart.eu\/index.php?rest_route=\/wp\/v2\/types\/page"}],"author":[{"embeddable":true,"href":"http:\/\/allerart.eu\/index.php?rest_route=\/wp\/v2\/users\/1"}],"replies":[{"embeddable":true,"href":"http:\/\/allerart.eu\/index.php?rest_route=%2Fwp%2Fv2%2Fcomments&post=24"}],"version-history":[{"count":5,"href":"http:\/\/allerart.eu\/index.php?rest_route=\/wp\/v2\/pages\/24\/revisions"}],"predecessor-version":[{"id":85,"href":"http:\/\/allerart.eu\/index.php?rest_route=\/wp\/v2\/pages\/24\/revisions\/85"}],"wp:attachment":[{"href":"http:\/\/allerart.eu\/index.php?rest_route=%2Fwp%2Fv2%2Fmedia&parent=24"}],"curies":[{"name":"wp","href":"https:\/\/api.w.org\/{rel}","templated":true}]}}

Über mich

<figure class="wp-block-image size-medium"><img decoding="async" loading="lazy" width="300" height="225" src="http://allerart.eu/wp-content/uploads/2020/05/Karin-Portrait-2-300x225.jpg" alt="" class="wp-image-33" srcset="http://allerart.eu/wp-content/uploads/2020/05/Karin-Portrait-2-300x225.jpg 300w, http://allerart.eu/wp-content/uploads/2020/05/Karin-Portrait-2-768x576.jpg 768w, http://allerart.eu/wp-content/uploads/2020/05/Karin-Portrait-2-1024x768.jpg 1024w, http://allerart.eu/wp-content/uploads/2020/05/Karin-Portrait-2-1200x900.jpg 1200w, http://allerart.eu/wp-content/uploads/2020/05/Karin-Portrait-2.jpg 1666w" sizes="(max-width: 300px) 100vw, 300px" /></figure>



<p>Ich wurde vor einem halben Jahrhundert im Herzen Europas, im Saarland, geboren. Aktuell lebe und arbeite ich mit meinem Mann in einem christlichen Werk auf Korsika.</p>



<p>Nach vielen verschiedenen Lebenserfahrungen an verschiedenen Orten, nach über 20 Jahren Arbeit mit Kindern im christlichen und schulischen Rahmen und mit 2 eigenen Kindern und 2 „Beutekindern“ habe ich mir im Laufe der Zeit viele Geschichten und Märchen ausgedacht. Ich hoffe, die Kinder haben meine Geschichten so genossen, wie ich.</p>



<p>Die schönsten Geschichten habe ich mit viel Freude in meinem Buch &#8222;Der Troll vom Schleimfjord&#8220; zusammengefasst. Meine Kinder sind nun schon erwachsen, aber das Geschichtenerzählen ist immer noch eine kleine Leidenschaft von mir. In diesem Sinne würde ich mich sehr freuen, Ihnen Ihre persönliche Wunschgeschichte zu schreiben.</p>

<p>Ich wurde vor einem halben Jahrhundert im Herzen Europas, im Saarland, geboren. Aktuell lebe und arbeite ich mit meinem Mann in einem christlichen Werk auf Korsika. Nach vielen verschiedenen Lebenserfahrungen an verschiedenen Orten, nach über 20 Jahren Arbeit mit Kindern im christlichen und schulischen Rahmen und mit 2 eigenen Kindern [&hellip;]</p>
